?
True
Is 3169548 a multiple of 16?
False
Is 43 a factor of 9959402?
True
Does 35 divide 814975?
True
Is 14 a factor of 4268628?
True
Is 39 a factor of 1644123?
True
Is 16799932 a multiple of 135?
False
Is 81192 a multiple of 4?
True
Does 3 divide 2213970?
True
Is 286 a factor of 32829?
False
Is 1371648 a multiple of 376?
True
Is 21 a factor of 16002?
True
Is 337575 a multiple of 15?
True
Does 37 divide 321244?
False
Is 2290500 a multiple of 9?
True
Is 204 a factor of 470832?
True
Does 127 divide 2370480?
False
Does 22 divide 13276323?
False
Is 853 a factor of 59637?
False
Is 2886089 a multiple of 303?
False
Is 3 a factor of 155007?
True
Is 789 a factor of 78759?
False
Does 42 divide 1657740?
True
Is 49298 a multiple of 3?
False
Is 1711050 a multiple of 2?
True
Is 56 a factor of 626457?
False
Is 11 a factor of 3404599?
True
Is 24 a factor of 2893325?
False
Is 25 a factor of 516975?
True
Does 1053 divide 4904874?
True
Does 460 divide 756533?
False
Is 10 a factor of 1388850?
True
Is 3311107 a multiple of 17?
True
Is 13 a factor of 520523?
False
Is 517344 a multiple of 34?
True
Is 176284 a multiple of 61?
False
Does 316 divide 24769?
False
Does 20 divide 10071?
False
Does 47 divide 51421?
False
Does 43 divide 19823?
True
Does 4 divide 13333?
False
Is 3 a factor of 29550?
True
Does 37 divide 63603?
True
Is 5 a factor of 493085?
True
Is 10 a factor of 5059154?
False
Does 18 divide 825786?
True
Is 48 a factor of 10709088?
True
Is 99 a factor of 5224014?
False
Is 135 a factor of 1884553?
False
Is 388 a factor of 1067388?
True
Does 75 divide 850549?
False
Is 4708975 a multiple of 216?
False
Is 448 a factor of 2416960?
True
Is 3220519 a multiple of 19?
True
Does 896 divide 584192?
True
Is 9344107 a multiple of 18?
False
Is 324777 a multiple of 17?
False
Does 4 divide 700953?
False
Is 137 a factor of 194509?
False
Is 176 a factor of 5869451?
False
Does 142 divide 2068798?
True
Is 8 a factor of 65530?
False
Is 3 a factor of 786240?
True
Is 44 a factor of 602758?
False
Is 23 a factor of 1681055?
False
Is 141504 a multiple of 67?
True
Is 2 a factor of 87073?
False
Is 21492 a multiple of 36?
True
Does 15 divide 137934?
False
Is 887055 a multiple of 65?
True
Is 58 a factor of 2018342?
True
Does 107 divide 206617?
True
Is 99 a factor of 20493?
True
Is 4495486 a multiple of 751?
True
Is 127 a factor of 339398?
False
Is 135560 a multiple of 20?
True
Is 12 a factor of 703257?
False
Does 26 divide 29172?
True
Does 405 divide 1507396?
False
Does 192 divide 186624?
True
Does 440 divide 2153360?
True
Does 19 divide 2116775?
False
Does 72 divide 2718015?
False
Is 95 a factor of 202391?
False
Does 40 divide 1866198?
False
Is 234 a factor of 7759761?
False
Does 65 divide 12350?
True
Does 54 divide 47682?
True
Is 9 a factor of 98253?
True
Is 71332 even?
True
Is 7977288 a multiple of 984?
True
Does 24 divide 92074?
False
Is 2773620 a multiple of 9?
True
Does 35 divide 450638?
False
Does 25 divide 81568?
False
Is 204 a factor of 249084?
True
Is 17 a factor of 83215?
True
Is 8 a factor of 204200?
True
Is 30874401 a multiple of 1159?
False
Does 153 divide 3395851?
False
Is 5362227 a multiple of 91?
False
Is 38 a factor of 239710?
False
Does 13 divide 483720?
False
Is 1168968 a multiple of 45?
False
Is 78 a factor of 30681?
False
Is 4 a factor of 8573686?
False
Is 304 a factor of 3333968?
True
Does 141 divide 212917?
False
Is 322 a factor of 395888?
False
Is 19 a factor of 12878478?
False
Does 24 divide 24336?
True
Does 14 divide 209597?
False
Does 24 divide 40824?
True
Is 127776 a multiple of 363?
True
Does 23 divide 96795?
False
Is 242392 a multiple of 82?
True
Does 6 divide 108399?
False
Is 181 a factor of 264965?
False
Is 192464 a multiple of 184?
True
Is 6 a factor of 481314?
True
Is 776424 even?
True
Does 179 divide 3041568?
True
Is 3393599 a multiple of 19?
False
Is 1024618 a multiple of 18?
False
Is 27 a factor of 365364?
True
Is 434 a factor of 81592?
True
Does 48 divide 36768?
True
Is 2269368 a multiple of 516?
True
Is 10772112 a multiple of 732?
True
Is 395 a factor of 267784?
False
Is 125 a factor of 835750?
True
Does 465 divide 105090?
True
Does 248 divide 3670896?
True
Is 266282 a multiple of 48?
False
Does 9 divide 497211?
False
Does 348 divide 149346?
False
Is 2447904 a multiple of 48?
True
Is 379 a factor of 345701?
False
Is 19 a factor of 291289?
True
Is 31 a factor of 759047?
False
Is 236690 a multiple of 244?
False
Does 15 divide 13947?
False
Does 60 divide 124200?
True
Does 344 divide 11935768?
True
Does 6 divide 272327?
False
Is 309 a factor of 78395?
False
Is 3 a factor of 48931?
False
Is 489875 a multiple of 12?
False
Does 122 divide 10015224?
True
Is 2944755 a multiple of 45?
True
Does 538 divide 756559?
False
Is 138204 a multiple of 9?
True
Is 32 a factor of 126848?
True
Does 8 divide 62323?
False
Is 282 a factor of 1016225?
False
Does 46 divide 671600?
True
Does 31 divide 1510134?
True
Is 172575 a multiple of 25?
True
Is 249862 a multiple of 55?
False
Is 10 a factor of 222409?
False
Is 639854 a multiple of 626?
False
Is 25 a factor of 4309525?
True
Is 5347222 a multiple of 17?
False
Is 21 a factor of 3219118?
False
Is 1426005 a multiple of 10?
False
Is 4534956 a multiple of 24?
False
Is 212 a factor of 85270?
False
Is 659849 a multiple of 32?
False
Does 25 divide 1325700?
True
Does 35 divide 936670?
True
Does 87 divide 357309?
True
Does 304 divide 5477507?
False
Is 457 a factor of 4108?
False
Is 15656 a multiple of 4?
True
Is 3142 a multiple of 5?
False
Is 697471 a multiple of 251?
False
Is 926144 a multiple of 64?
True
Is 2382911 a multiple of 37?
True
Is 35 a factor of 16040?
False
Does 528 divide 338644?
False
Is 8 a factor of 381976?
True
Is 183860 a multiple of 181?
False
Is 164 a factor of 4643824?
True
Is 184471 a multiple of 361?
True
Is 97 a factor of 245604?
True
Does 86 divide 1125224?
True
Does 3 divide 45369?
True
Is 28 a factor of 641798?
False
Is 11 a factor of 51877?
False
Is 8880681 a multiple of 51?
True
Is 389066 a multiple of 94?
True
Does 103 divide 5255979?
False
Is 12 a factor of 1659452?
False
Does 237 divide 856518?
True
Is 12146833 a multiple of 28?
False
Is 148 a factor of 165908?
True
Is 88 a factor of 12522960?
False
Does 114 divide 177046?
False
Is 111894 a multiple of 26?
False
Is 8462610 a multiple of 54?
True
Is 52536 a multiple of 13?
False
Is 31 a factor of 4039025?
False
Is 39952 a multiple of 16?
True
Is 12103117 a multiple of 18?
False
Does 4 divide 149823?
False
Is 1790717 a multiple of 522?
False
Is 39 a factor of 6995469?
True
Is 825294 a multiple of 526?
True
Is 253 a factor of 578580?
False
Does 19 divide 292201?
True
Is 106 a factor of 7183281?
False
Is 282 a factor of 3862272?
True
Does 41 divide 4239031?
True
Is 122 a factor of 100772?
True
Does 17 divide 50093?
False
Does 19 divide 291566?
False
Does 24 divide 5676522?
False
Is 31930 a multiple of 103?
True
Is 1198080 a multiple of 60?
True
Is 10 a factor of 261755?
False
Does 2 divide 3962?
True
Is 88 a factor of 708048?
True
Does 41 divide 1008995?
False
Is 38313851 a multiple of 21?
False
Is 4 a factor of 145824?
True
Is 195975 a multiple of 9?
True
Is 635312 a multiple of 334?
False
Does 45 divide 11306617?
False
Does 7 divide 5957?
True
Is 1203972 a multiple of 9?
False
Is 42 a factor of 13577418?
False
Is 218470 a multiple of 63?
False
Is 1890988 a multiple of 121?
True
Does 69 divide 5332389?
True
Does 10 divide 2828663?
False
Is 522984 a multiple of 264?
True
Does 14 divide 179285?
False
Is 154819 a multiple of 240?
False
Does 235 divide 22325?
True
Does 75 divide 53550?
True
Does 5 divide 279982?
False
Is 16190 a multiple of 10?
True
Is 4655495 a multiple of 67?
True
Is 11 a factor of 48032?
False
Is 125058 a multiple of 19?
True
Is 7 a factor of 75285?
True
Is 2707488 a multiple of 63?
True
Does 177 divide 6298834?
False
Is 72 a factor of 349944?
False
Is 59 a factor of 200674?
False
Is 1931 a multiple of 3?
False
Is 169 a factor of 157073?
False
Is 235619 a multiple of 19?
True
Is 10 a factor of 172712?
False
Is 375 a factor of 1068750?
True
Does 4 divide 1144149?
False
Is 247572 a multiple of 39?
True
Is 8 a factor of 37136?
True
Does 40 divide 314505?
False
Is 1460008 a multiple of 8?
True
Is 42893 a multiple of 3?
False
Does 119 divi